{"id":87985,"date":"2025-12-17T10:13:21","date_gmt":"2025-12-17T09:13:21","guid":{"rendered":"https:\/\/harden-construction.com\/?post_type=praca&#038;p=87985"},"modified":"2026-01-21T11:06:47","modified_gmt":"2026-01-21T10:06:47","slug":"koordynator-instalacji-sanitarnych","status":"publish","type":"praca","link":"https:\/\/harden-construction.com\/en\/praca\/koordynator-instalacji-sanitarnych\/","title":{"rendered":"Koordynator\/Koordynatorka Instalacji Sanitarnych &#8211; rejon \u0141\u00f3dzki"},"content":{"rendered":"<div class=\"wpb-content-wrapper\"><p>[vc_row][vc_column width=&#8221;1\/1&#8243;][vc_custom_heading auto_text=&#8221;yes&#8221; uncode_shortcode_id=&#8221;176980&#8243;]This is a custom heading element.[\/vc_custom_heading][vc_column_text uncode_shortcode_id=&#8221;724959&#8243;]<strong>ZAKRES OBOWI\u0104ZK\u00d3W:<\/strong><\/p>\n<ul>\n<li data-start=\"306\" data-end=\"439\">Koordynacja rob\u00f3t w zakresie instalacji sanitarnych (m.in. wod.-kan., c.o., c.t., wentylacji i klimatyzacji) dla zespo\u0142u projekt\u00f3w,<\/li>\n<li data-start=\"442\" data-end=\"562\">Nadz\u00f3r nad realizacj\u0105 rob\u00f3t instalacyjnych w oparciu o dokumentacj\u0119 techniczn\u0105, harmonogramy oraz wymagania kontraktu,<\/li>\n<li data-start=\"565\" data-end=\"646\">Wsp\u00f3\u0142praca z kierownikami bud\u00f3w i bran\u017c w zakresie koordynacji mi\u0119dzybran\u017cowej,<\/li>\n<li data-start=\"649\" data-end=\"737\">Optymalizacja koszt\u00f3w i zasob\u00f3w, w tym analiza projekt\u00f3w przetargowych i wykonawczych,<\/li>\n<li data-start=\"740\" data-end=\"857\">Przygotowywanie ofert, kosztorys\u00f3w i analiz cenowych, a tak\u017ce prowadzenie negocjacji z podwykonawcami i dostawcami,<\/li>\n<li data-start=\"860\" data-end=\"920\">Prowadzenie procesu wyboru i kontraktowania podwykonawc\u00f3w,<\/li>\n<li data-start=\"923\" data-end=\"984\">Monitorowanie rynku materia\u0142\u00f3w i us\u0142ug w bran\u017cy sanitarnej,<\/li>\n<li data-start=\"987\" data-end=\"1041\">Raportowanie post\u0119p\u00f3w prac i rozliczanie kontrakt\u00f3w,<\/li>\n<li data-start=\"987\" data-end=\"1041\">Udzia\u0142 w odbiorach rob\u00f3t z przedstawicielami Inwestora i Inspektorem Nadzoru.<\/li>\n<\/ul>\n<p><strong>OD KANDYDAT\u00d3W OCZEKUJEMY:<\/strong><\/p>\n<ul>\n<li data-start=\"1150\" data-end=\"1283\">Do\u015bwiadczenie zawodowe zdobyte w budownictwie \u2014 minimum 10 lata na stanowisku Kierownika Rob\u00f3t lub Koordynatora w bran\u017cy sanitarnej w tym 5 lat do\u015bwiadczenia przy obiektach przemys\u0142owych,<\/li>\n<li data-start=\"1286\" data-end=\"1368\">Wykszta\u0142cenie wy\u017csze techniczne w zakresie instalacji sanitarnych lub pokrewnym,<\/li>\n<li data-start=\"1371\" data-end=\"1453\">Uprawnienia budowlane do kierowania robotami w bran\u017cy sanitarnej bez ogranicze\u0144,<\/li>\n<li data-start=\"1456\" data-end=\"1529\">Znajomo\u015b\u0107 zagadnie\u0144 instalacji sanitarnych wykonawczych i projektowych,<\/li>\n<li data-start=\"1532\" data-end=\"1615\">Umiej\u0119tno\u015b\u0107 planowania, koordynowania i egzekwowania zada\u0144 w procesie budowlanym,<\/li>\n<li data-start=\"1618\" data-end=\"1663\">Zdolno\u015b\u0107 pracy w zespole i komunikatywno\u015b\u0107,<\/li>\n<li data-start=\"1666\" data-end=\"1687\">Prawo jazdy kat. B,<\/li>\n<li data-start=\"1690\" data-end=\"1748\">Dobra znajomo\u015b\u0107 pakietu MS Office oraz programu AutoCAD.<\/li>\n<\/ul>\n<p><strong>OFERUJEMY:<\/strong><\/p>\n<ul>\n<li>Atrakcyjne wynagrodzenie oraz pakiet \u015bwiadcze\u0144 socjalnych,<\/li>\n<li>Stabilne zatrudnienie na umow\u0119 o prac\u0119 lub poprzez umow\u0119 kontraktow\u0105 (b2b),<\/li>\n<li>Mo\u017cliwo\u015b\u0107 poszerzania do\u015bwiadczenia we wsp\u00f3\u0142pracy z zespo\u0142em specjalist\u00f3w i ekspert\u00f3w, zapewniaj\u0105cego gwarancj\u0119 zawodowego i osobistego rozwoju,<\/li>\n<li>Mo\u017cliwo\u015b\u0107 budowania pozycji zawodowej w firmie o du\u017cym potencjale,<\/li>\n<li>Szkolenia w zakresie kompetencji technicznych i rozwoju osobistego,<\/li>\n<li>Szkolenia j\u0119zykowe<\/li>\n<li>Komputer, telefon, samoch\u00f3d s\u0142u\u017cbowy.<\/li>\n<\/ul>\n<p>[\/vc_column_text][\/vc_column][\/vc_row][vc_row row_height_percent=&#8221;0&#8243; override_padding=&#8221;yes&#8221; h_padding=&#8221;2&#8243; top_padding=&#8221;2&#8243; bottom_padding=&#8221;1&#8243; back_color=&#8221;accent&#8221; overlay_alpha=&#8221;50&#8243; gutter_size=&#8221;3&#8243; column_width_percent=&#8221;100&#8243; shift_y=&#8221;0&#8243; z_index=&#8221;0&#8243; uncode_shortcode_id=&#8221;154771&#8243; back_color_type=&#8221;uncode-palette&#8221;][vc_column column_width_percent=&#8221;100&#8243; position_horizontal=&#8221;left&#8221; position_vertical=&#8221;middle&#8221; gutter_size=&#8221;3&#8243; overlay_alpha=&#8221;50&#8243; shift_x=&#8221;0&#8243; shift_y=&#8221;0&#8243; shift_y_down=&#8221;0&#8243; z_index=&#8221;0&#8243; medium_width=&#8221;0&#8243; mobile_width=&#8221;0&#8243; width=&#8221;1\/1&#8243; uncode_shortcode_id=&#8221;208924&#8243;][vc_custom_heading text_font=&#8221;font-762333&#8243; text_weight=&#8221;700&#8243; sub_lead=&#8221;yes&#8221; uncode_shortcode_id=&#8221;117681&#8243;]Do\u0142\u0105cz do nas[\/vc_custom_heading][vc_button button_color=&#8221;color-navy&#8221; size=&#8221;btn-lg&#8221; border_width=&#8221;0&#8243; link=&#8221;url:https%3A%2F%2Fsystem.erecruiter.pl%2FFormTemplates%2FRecruitmentForm.aspx%3FWebID%3Dfc56407d45374f4f8262bca94cfe79d1|target:_blank&#8221; button_color_type=&#8221;uncode-palette&#8221; uncode_shortcode_id=&#8221;921444&#8243;]WY\u015aLIJ CV[\/vc_button][\/vc_column][\/vc_row]<\/p>\n<\/div>","protected":false},"featured_media":0,"template":"","miasta":[97],"class_list":["post-87985","praca","type-praca","status-publish","hentry","miasta-lodz"],"yoast_head":"<!-- This site is optimized with the Yoast SEO plugin v27.4 - https:\/\/yoast.com\/product\/yoast-seo-wordpress\/ -->\n<title>Koordynator\/Koordynatorka Instalacji Sanitarnych - rejon \u0141\u00f3dzki - Harden Construction<\/title>\n<meta name=\"robots\" content=\"index, follow, max-snippet:-1, max-image-preview:large, max-video-preview:-1\" \/>\n<link rel=\"canonical\" href=\"https:\/\/harden-construction.com\/en\/praca\/koordynator-instalacji-sanitarnych\/\" \/>\n<meta property=\"og:locale\" content=\"en_US\" \/>\n<meta property=\"og:type\" content=\"article\" \/>\n<meta property=\"og:title\" content=\"Koordynator\/Koordynatorka Instalacji Sanitarnych - rejon \u0141\u00f3dzki - Harden Construction\" \/>\n<meta property=\"og:description\" content=\"[vc_row][vc_column width=&#8221;1\/1&#8243;][vc_custom_heading auto_text=&#8221;yes&#8221; uncode_shortcode_id=&#8221;176980&#8243;]This is a custom heading element.[\/vc_custom_heading][vc_column_text uncode_shortcode_id=&#8221;724959&#8243;]ZAKRES OBOWI\u0104ZK\u00d3W: Koordynacja rob\u00f3t w zakresie instalacji sanitarnych (m.in. wod.-kan., c.o., [&hellip;]\" \/>\n<meta property=\"og:url\" content=\"https:\/\/harden-construction.com\/en\/praca\/koordynator-instalacji-sanitarnych\/\" \/>\n<meta property=\"og:site_name\" content=\"Harden Construction\" \/>\n<meta property=\"article:modified_time\" content=\"2026-01-21T10:06:47+00:00\" \/>\n<meta name=\"twitter:card\" content=\"summary_large_image\" \/>\n<meta name=\"twitter:label1\" content=\"Est. reading time\" \/>\n\t<meta name=\"twitter:data1\" content=\"2 minutes\" \/>\n<script type=\"application\/ld+json\" class=\"yoast-schema-graph\">{\"@context\":\"https:\\\/\\\/schema.org\",\"@graph\":[{\"@type\":\"WebPage\",\"@id\":\"https:\\\/\\\/harden-construction.com\\\/en\\\/praca\\\/koordynator-instalacji-sanitarnych\\\/\",\"url\":\"https:\\\/\\\/harden-construction.com\\\/en\\\/praca\\\/koordynator-instalacji-sanitarnych\\\/\",\"name\":\"Koordynator\\\/Koordynatorka Instalacji Sanitarnych - rejon \u0141\u00f3dzki - Harden Construction\",\"isPartOf\":{\"@id\":\"https:\\\/\\\/harden-construction.com\\\/en\\\/#website\"},\"datePublished\":\"2025-12-17T09:13:21+00:00\",\"dateModified\":\"2026-01-21T10:06:47+00:00\",\"breadcrumb\":{\"@id\":\"https:\\\/\\\/harden-construction.com\\\/en\\\/praca\\\/koordynator-instalacji-sanitarnych\\\/#breadcrumb\"},\"inLanguage\":\"en-US\",\"potentialAction\":[{\"@type\":\"ReadAction\",\"target\":[\"https:\\\/\\\/harden-construction.com\\\/en\\\/praca\\\/koordynator-instalacji-sanitarnych\\\/\"]}]},{\"@type\":\"BreadcrumbList\",\"@id\":\"https:\\\/\\\/harden-construction.com\\\/en\\\/praca\\\/koordynator-instalacji-sanitarnych\\\/#breadcrumb\",\"itemListElement\":[{\"@type\":\"ListItem\",\"position\":1,\"name\":\"Strona g\u0142\u00f3wna\",\"item\":\"https:\\\/\\\/harden-construction.com\\\/en\\\/\"},{\"@type\":\"ListItem\",\"position\":2,\"name\":\"Koordynator\\\/Koordynatorka Instalacji Sanitarnych &#8211; rejon \u0141\u00f3dzki\"}]},{\"@type\":\"WebSite\",\"@id\":\"https:\\\/\\\/harden-construction.com\\\/en\\\/#website\",\"url\":\"https:\\\/\\\/harden-construction.com\\\/en\\\/\",\"name\":\"Harden Construction\",\"description\":\"\",\"potentialAction\":[{\"@type\":\"SearchAction\",\"target\":{\"@type\":\"EntryPoint\",\"urlTemplate\":\"https:\\\/\\\/harden-construction.com\\\/en\\\/?s={search_term_string}\"},\"query-input\":{\"@type\":\"PropertyValueSpecification\",\"valueRequired\":true,\"valueName\":\"search_term_string\"}}],\"inLanguage\":\"en-US\"}]}<\/script>\n<!-- \/ Yoast SEO plugin. -->","yoast_head_json":{"title":"Koordynator\/Koordynatorka Instalacji Sanitarnych - rejon \u0141\u00f3dzki - Harden Construction","robots":{"index":"index","follow":"follow","max-snippet":"max-snippet:-1","max-image-preview":"max-image-preview:large","max-video-preview":"max-video-preview:-1"},"canonical":"https:\/\/harden-construction.com\/en\/praca\/koordynator-instalacji-sanitarnych\/","og_locale":"en_US","og_type":"article","og_title":"Koordynator\/Koordynatorka Instalacji Sanitarnych - rejon \u0141\u00f3dzki - Harden Construction","og_description":"[vc_row][vc_column width=&#8221;1\/1&#8243;][vc_custom_heading auto_text=&#8221;yes&#8221; uncode_shortcode_id=&#8221;176980&#8243;]This is a custom heading element.[\/vc_custom_heading][vc_column_text uncode_shortcode_id=&#8221;724959&#8243;]ZAKRES OBOWI\u0104ZK\u00d3W: Koordynacja rob\u00f3t w zakresie instalacji sanitarnych (m.in. wod.-kan., c.o., [&hellip;]","og_url":"https:\/\/harden-construction.com\/en\/praca\/koordynator-instalacji-sanitarnych\/","og_site_name":"Harden Construction","article_modified_time":"2026-01-21T10:06:47+00:00","twitter_card":"summary_large_image","twitter_misc":{"Est. reading time":"2 minutes"},"schema":{"@context":"https:\/\/schema.org","@graph":[{"@type":"WebPage","@id":"https:\/\/harden-construction.com\/en\/praca\/koordynator-instalacji-sanitarnych\/","url":"https:\/\/harden-construction.com\/en\/praca\/koordynator-instalacji-sanitarnych\/","name":"Koordynator\/Koordynatorka Instalacji Sanitarnych - rejon \u0141\u00f3dzki - Harden Construction","isPartOf":{"@id":"https:\/\/harden-construction.com\/en\/#website"},"datePublished":"2025-12-17T09:13:21+00:00","dateModified":"2026-01-21T10:06:47+00:00","breadcrumb":{"@id":"https:\/\/harden-construction.com\/en\/praca\/koordynator-instalacji-sanitarnych\/#breadcrumb"},"inLanguage":"en-US","potentialAction":[{"@type":"ReadAction","target":["https:\/\/harden-construction.com\/en\/praca\/koordynator-instalacji-sanitarnych\/"]}]},{"@type":"BreadcrumbList","@id":"https:\/\/harden-construction.com\/en\/praca\/koordynator-instalacji-sanitarnych\/#breadcrumb","itemListElement":[{"@type":"ListItem","position":1,"name":"Strona g\u0142\u00f3wna","item":"https:\/\/harden-construction.com\/en\/"},{"@type":"ListItem","position":2,"name":"Koordynator\/Koordynatorka Instalacji Sanitarnych &#8211; rejon \u0141\u00f3dzki"}]},{"@type":"WebSite","@id":"https:\/\/harden-construction.com\/en\/#website","url":"https:\/\/harden-construction.com\/en\/","name":"Harden Construction","description":"","potentialAction":[{"@type":"SearchAction","target":{"@type":"EntryPoint","urlTemplate":"https:\/\/harden-construction.com\/en\/?s={search_term_string}"},"query-input":{"@type":"PropertyValueSpecification","valueRequired":true,"valueName":"search_term_string"}}],"inLanguage":"en-US"}]}},"_links":{"self":[{"href":"https:\/\/harden-construction.com\/en\/wp-json\/wp\/v2\/praca\/87985","targetHints":{"allow":["GET"]}}],"collection":[{"href":"https:\/\/harden-construction.com\/en\/wp-json\/wp\/v2\/praca"}],"about":[{"href":"https:\/\/harden-construction.com\/en\/wp-json\/wp\/v2\/types\/praca"}],"wp:attachment":[{"href":"https:\/\/harden-construction.com\/en\/wp-json\/wp\/v2\/media?parent=87985"}],"wp:term":[{"taxonomy":"miasta","embeddable":true,"href":"https:\/\/harden-construction.com\/en\/wp-json\/wp\/v2\/miasta?post=87985"}],"curies":[{"name":"wp","href":"https:\/\/api.w.org\/{rel}","templated":true}]}}

Koordynator/Koordynatorka Instalacji Sanitarnych &#8211; rejon Łódzki

<div class="wpb-content-wrapper"><p>[vc_row][vc_column width=&#8221;1/1&#8243;][vc_custom_heading auto_text=&#8221;yes&#8221; uncode_shortcode_id=&#8221;176980&#8243;]This is a custom heading element.[/vc_custom_heading][vc_column_text uncode_shortcode_id=&#8221;724959&#8243;]<strong>ZAKRES OBOWIĄZKÓW:</strong></p>
<ul>
<li data-start="306" data-end="439">Koordynacja robót w zakresie instalacji sanitarnych (m.in. wod.-kan., c.o., c.t., wentylacji i klimatyzacji) dla zespołu projektów,</li>
<li data-start="442" data-end="562">Nadzór nad realizacją robót instalacyjnych w oparciu o dokumentację techniczną, harmonogramy oraz wymagania kontraktu,</li>
<li data-start="565" data-end="646">Współpraca z kierownikami budów i branż w zakresie koordynacji międzybranżowej,</li>
<li data-start="649" data-end="737">Optymalizacja kosztów i zasobów, w tym analiza projektów przetargowych i wykonawczych,</li>
<li data-start="740" data-end="857">Przygotowywanie ofert, kosztorysów i analiz cenowych, a także prowadzenie negocjacji z podwykonawcami i dostawcami,</li>
<li data-start="860" data-end="920">Prowadzenie procesu wyboru i kontraktowania podwykonawców,</li>
<li data-start="923" data-end="984">Monitorowanie rynku materiałów i usług w branży sanitarnej,</li>
<li data-start="987" data-end="1041">Raportowanie postępów prac i rozliczanie kontraktów,</li>
<li data-start="987" data-end="1041">Udział w odbiorach robót z przedstawicielami Inwestora i Inspektorem Nadzoru.</li>
</ul>
<p><strong>OD KANDYDATÓW OCZEKUJEMY:</strong></p>
<ul>
<li data-start="1150" data-end="1283">Doświadczenie zawodowe zdobyte w budownictwie — minimum 10 lata na stanowisku Kierownika Robót lub Koordynatora w branży sanitarnej w tym 5 lat doświadczenia przy obiektach przemysłowych,</li>
<li data-start="1286" data-end="1368">Wykształcenie wyższe techniczne w zakresie instalacji sanitarnych lub pokrewnym,</li>
<li data-start="1371" data-end="1453">Uprawnienia budowlane do kierowania robotami w branży sanitarnej bez ograniczeń,</li>
<li data-start="1456" data-end="1529">Znajomość zagadnień instalacji sanitarnych wykonawczych i projektowych,</li>
<li data-start="1532" data-end="1615">Umiejętność planowania, koordynowania i egzekwowania zadań w procesie budowlanym,</li>
<li data-start="1618" data-end="1663">Zdolność pracy w zespole i komunikatywność,</li>
<li data-start="1666" data-end="1687">Prawo jazdy kat. B,</li>
<li data-start="1690" data-end="1748">Dobra znajomość pakietu MS Office oraz programu AutoCAD.</li>
</ul>
<p><strong>OFERUJEMY:</strong></p>
<ul>
<li>Atrakcyjne wynagrodzenie oraz pakiet świadczeń socjalnych,</li>
<li>Stabilne zatrudnienie na umowę o pracę lub poprzez umowę kontraktową (b2b),</li>
<li>Możliwość poszerzania doświadczenia we współpracy z zespołem specjalistów i ekspertów, zapewniającego gwarancję zawodowego i osobistego rozwoju,</li>
<li>Możliwość budowania pozycji zawodowej w firmie o dużym potencjale,</li>
<li>Szkolenia w zakresie kompetencji technicznych i rozwoju osobistego,</li>
<li>Szkolenia językowe</li>
<li>Komputer, telefon, samochód służbowy.</li>
</ul>
<p>[/vc_column_text][/vc_column][/vc_row][vc_row row_height_percent=&#8221;0&#8243; override_padding=&#8221;yes&#8221; h_padding=&#8221;2&#8243; top_padding=&#8221;2&#8243; bottom_padding=&#8221;1&#8243; back_color=&#8221;accent&#8221; overlay_alpha=&#8221;50&#8243; gutter_size=&#8221;3&#8243; column_width_percent=&#8221;100&#8243; shift_y=&#8221;0&#8243; z_index=&#8221;0&#8243; uncode_shortcode_id=&#8221;154771&#8243; back_color_type=&#8221;uncode-palette&#8221;][vc_column column_width_percent=&#8221;100&#8243; position_horizontal=&#8221;left&#8221; position_vertical=&#8221;middle&#8221; gutter_size=&#8221;3&#8243; overlay_alpha=&#8221;50&#8243; shift_x=&#8221;0&#8243; shift_y=&#8221;0&#8243; shift_y_down=&#8221;0&#8243; z_index=&#8221;0&#8243; medium_width=&#8221;0&#8243; mobile_width=&#8221;0&#8243; width=&#8221;1/1&#8243; uncode_shortcode_id=&#8221;208924&#8243;][vc_custom_heading text_font=&#8221;font-762333&#8243; text_weight=&#8221;700&#8243; sub_lead=&#8221;yes&#8221; uncode_shortcode_id=&#8221;117681&#8243;]Dołącz do nas[/vc_custom_heading][vc_button button_color=&#8221;color-navy&#8221; size=&#8221;btn-lg&#8221; border_width=&#8221;0&#8243; link=&#8221;url:https%3A%2F%2Fsystem.erecruiter.pl%2FFormTemplates%2FRecruitmentForm.aspx%3FWebID%3Dfc56407d45374f4f8262bca94cfe79d1|target:_blank&#8221; button_color_type=&#8221;uncode-palette&#8221; uncode_shortcode_id=&#8221;921444&#8243;]WYŚLIJ CV[/vc_button][/vc_column][/vc_row]</p>
</div>

<!-- This site is optimized with the Yoast SEO plugin v27.4 - https://yoast.com/product/yoast-seo-wordpress/ -->
<title>Koordynator/Koordynatorka Instalacji Sanitarnych - rejon Łódzki - Harden Construction</title>
<meta name="robots" content="index, follow, max-snippet:-1, max-image-preview:large, max-video-preview:-1" />
<link rel="canonical" href="https://harden-construction.com/en/praca/koordynator-instalacji-sanitarnych/" />
<meta property="og:locale" content="en_US" />
<meta property="og:type" content="article" />
<meta property="og:title" content="Koordynator/Koordynatorka Instalacji Sanitarnych - rejon Łódzki - Harden Construction" />
<meta property="og:description" content="[vc_row][vc_column width=&#8221;1/1&#8243;][vc_custom_heading auto_text=&#8221;yes&#8221; uncode_shortcode_id=&#8221;176980&#8243;]This is a custom heading element.[/vc_custom_heading][vc_column_text uncode_shortcode_id=&#8221;724959&#8243;]ZAKRES OBOWIĄZKÓW: Koordynacja robót w zakresie instalacji sanitarnych (m.in. wod.-kan., c.o., [&hellip;]" />
<meta property="og:url" content="https://harden-construction.com/en/praca/koordynator-instalacji-sanitarnych/" />
<meta property="og:site_name" content="Harden Construction" />
<meta property="article:modified_time" content="2026-01-21T10:06:47+00:00" />
<meta name="twitter:card" content="summary_large_image" />
<meta name="twitter:label1" content="Est. reading time" />
	<meta name="twitter:data1" content="2 minutes" />
<script type="application/ld+json" class="yoast-schema-graph">{"@context":"https:\/\/schema.org","@graph":[{"@type":"WebPage","@id":"https:\/\/harden-construction.com\/en\/praca\/koordynator-instalacji-sanitarnych\/","url":"https:\/\/harden-construction.com\/en\/praca\/koordynator-instalacji-sanitarnych\/","name":"Koordynator\/Koordynatorka Instalacji Sanitarnych - rejon Łódzki - Harden Construction","isPartOf":{"@id":"https:\/\/harden-construction.com\/en\/#website"},"datePublished":"2025-12-17T09:13:21+00:00","dateModified":"2026-01-21T10:06:47+00:00","breadcrumb":{"@id":"https:\/\/harden-construction.com\/en\/praca\/koordynator-instalacji-sanitarnych\/#breadcrumb"},"inLanguage":"en-US","potentialAction":[{"@type":"ReadAction","target":["https:\/\/harden-construction.com\/en\/praca\/koordynator-instalacji-sanitarnych\/"]}]},{"@type":"BreadcrumbList","@id":"https:\/\/harden-construction.com\/en\/praca\/koordynator-instalacji-sanitarnych\/#breadcrumb","itemListElement":[{"@type":"ListItem","position":1,"name":"Strona główna","item":"https:\/\/harden-construction.com\/en\/"},{"@type":"ListItem","position":2,"name":"Koordynator\/Koordynatorka Instalacji Sanitarnych &#8211; rejon Łódzki"}]},{"@type":"WebSite","@id":"https:\/\/harden-construction.com\/en\/#website","url":"https:\/\/harden-construction.com\/en\/","name":"Harden Construction","description":"","potentialAction":[{"@type":"SearchAction","target":{"@type":"EntryPoint","urlTemplate":"https:\/\/harden-construction.com\/en\/?s={search_term_string}"},"query-input":{"@type":"PropertyValueSpecification","valueRequired":true,"valueName":"search_term_string"}}],"inLanguage":"en-US"}]}</script>
<!-- / Yoast SEO plugin. -->

Koordynator/Koordynatorka Instalacji Sanitarnych - rejon Łódzki - Harden Construction

[vc_row][vc_column width=&#8221;1/1&#8243;][vc_custom_heading auto_text=&#8221;yes&#8221; uncode_shortcode_id=&#8221;176980&#8243;]This is a custom heading element.[/vc_custom_heading][vc_column_text uncode_shortcode_id=&#8221;724959&#8243;]ZAKRES OBOWIĄZKÓW: Koordynacja robót w zakresie instalacji sanitarnych (m.in. wod.-kan., c.o., [&hellip;]

Strona główna
