{"id":88131,"date":"2026-03-17T08:50:03","date_gmt":"2026-03-17T07:50:03","guid":{"rendered":"https:\/\/harden-construction.com\/?post_type=praca&#038;p=88131"},"modified":"2026-03-17T08:51:46","modified_gmt":"2026-03-17T07:51:46","slug":"koordynator-koordynatorka-instalacji-elektrycznych-mazowieckie","status":"publish","type":"praca","link":"https:\/\/harden-construction.com\/en\/praca\/koordynator-koordynatorka-instalacji-elektrycznych-mazowieckie\/","title":{"rendered":"Koordynator\/Koordynatorka Instalacji Elektrycznych (mazowieckie)"},"content":{"rendered":"<div class=\"wpb-content-wrapper\"><p>[vc_row][vc_column width=&#8221;1\/1&#8243;][vc_custom_heading auto_text=&#8221;yes&#8221; uncode_shortcode_id=&#8221;176980&#8243;]This is a custom heading element.[\/vc_custom_heading][vc_column_text uncode_shortcode_id=&#8221;828081&#8243;]<strong>ZAKRES OBOWI\u0104ZK\u00d3W<\/strong><\/p>\n<ul class=\"offer-view_cmjq3hn\" data-test=\"aggregate-bullet-model\">\n<li class=\"offer-view_tkzmjn3\">Koordynacja rob\u00f3t w zakresie sieci i instalacji elektrycznych i niskopr\u0105dowych dla zespo\u0142u projekt\u00f3w,<\/li>\n<li class=\"offer-view_tkzmjn3\">Nadz\u00f3r nad realizacj\u0105 rob\u00f3t instalacyjnych w oparciu o wymagania kontraktu dokumentacj\u0119 techniczn\u0105, harmonogramy oraz normy,<\/li>\n<li class=\"offer-view_tkzmjn3\">Optymalizacja koszt\u00f3w i zasob\u00f3w w tym r\u00f3wnie\u017c analiza projekt\u00f3w przetargowych budowlanych, wykonawczych,<\/li>\n<li class=\"offer-view_tkzmjn3\">Przygotowywanie ofert dla zamawiaj\u0105cego oraz analiza cenowa i negocjacje z podwykonawcami i dostawcami,<\/li>\n<li class=\"offer-view_tkzmjn3\">Prowadzenie negocjacji i ustalanie warunk\u00f3w um\u00f3w z Podwykonawcami,<\/li>\n<li class=\"offer-view_tkzmjn3\">Monitorowanie rynku dostawc\u00f3w produkt\u00f3w i us\u0142ug,<\/li>\n<li class=\"offer-view_tkzmjn3\">Raportowanie post\u0119p\u00f3w z realizacji inwestycji,<\/li>\n<li class=\"offer-view_tkzmjn3\">Odpowiedzialno\u015b\u0107 za terminowe zako\u0144czenie i rozliczenie kontraktu z zamawiaj\u0105cym podwykonawcami i dostawcami,<\/li>\n<li class=\"offer-view_tkzmjn3\">Odbiory rob\u00f3t z Inspektorami Nadzoru Inwestorskiego.<\/li>\n<li>Otwarto\u015b\u0107 do pracy w rejonie (mazowieckim).<\/li>\n<\/ul>\n<p><strong>OD KANDYDAT\u00d3W OCZEKUJEMY<\/strong><\/p>\n<ul class=\"offer-view_cmjq3hn\" data-test=\"aggregate-bullet-model\">\n<li class=\"offer-view_tkzmjn3\">Do\u015bwiadczenie zawodowe zdobyte w budownictwie; w tym minimum 3-letnie na stanowisku Kierownik Rob\u00f3t \u2013 preferowane obiekty przemys\u0142owe,<\/li>\n<li class=\"offer-view_tkzmjn3\">Wykszta\u0142cenie wy\u017csze technicznez zakresu bran\u017cy elektrycznej,<\/li>\n<li class=\"offer-view_tkzmjn3\">Posiadanie zgodnych z wymogami prawnymi uprawnienie\u0144 do kierowania robotami bran\u017cy elektrycznej bez ogranicze\u0144,<\/li>\n<li class=\"offer-view_tkzmjn3\">Znajomo\u015b\u0107 zagadnie\u0144 instalacji elektrycznych wykonawczych i projektowych,<\/li>\n<li class=\"offer-view_tkzmjn3\">Wysoko rozwini\u0119te umiej\u0119tno\u015bci zarz\u0105dzania procesem budowlanym, koordynowanie, delegowanie zada\u0144 oraz ich egzekwowanie,<\/li>\n<li class=\"offer-view_tkzmjn3\">Umiej\u0119tno\u015b\u0107 pracy w zespole,<\/li>\n<li class=\"offer-view_tkzmjn3\">Prawo jazdy kat. B,<\/li>\n<li class=\"offer-view_tkzmjn3\">Dobra znajomo\u015b\u0107 pakietu MS Office oraz programu AutoCad<\/li>\n<\/ul>\n<p><strong>OFERUJEMY<\/strong><\/p>\n<ul>\n<li>Atrakcyjne wynagrodzenie oraz pakiet \u015bwiadcze\u0144 socjalnych,<\/li>\n<li>Stabilne zatrudnienie na umow\u0119 o prac\u0119 lub poprzez umow\u0119 kontraktow\u0105 (b2b),<\/li>\n<li>Mo\u017cliwo\u015b\u0107 poszerzania do\u015bwiadczenia we wsp\u00f3\u0142pracy z zespo\u0142em specjalist\u00f3w i ekspert\u00f3w, zapewniaj\u0105cego gwarancj\u0119 zawodowego i osobistego rozwoju,<\/li>\n<li>Mo\u017cliwo\u015b\u0107 budowania pozycji zawodowej w firmie o du\u017cym potencjale,<\/li>\n<li>Szkolenia w zakresie kompetencji technicznych i rozwoju osobistego,<\/li>\n<li>Szkolenia j\u0119zykowe,<\/li>\n<li>Komputer, telefon.<\/li>\n<\/ul>\n<p>[\/vc_column_text][\/vc_column][\/vc_row][vc_row row_height_percent=&#8221;0&#8243; override_padding=&#8221;yes&#8221; h_padding=&#8221;2&#8243; top_padding=&#8221;2&#8243; bottom_padding=&#8221;1&#8243; back_color=&#8221;accent&#8221; overlay_alpha=&#8221;50&#8243; gutter_size=&#8221;3&#8243; column_width_percent=&#8221;100&#8243; shift_y=&#8221;0&#8243; z_index=&#8221;0&#8243; uncode_shortcode_id=&#8221;154771&#8243; back_color_type=&#8221;uncode-palette&#8221;][vc_column column_width_percent=&#8221;100&#8243; position_horizontal=&#8221;left&#8221; position_vertical=&#8221;middle&#8221; gutter_size=&#8221;3&#8243; overlay_alpha=&#8221;50&#8243; shift_x=&#8221;0&#8243; shift_y=&#8221;0&#8243; shift_y_down=&#8221;0&#8243; z_index=&#8221;0&#8243; medium_width=&#8221;0&#8243; mobile_width=&#8221;0&#8243; width=&#8221;1\/1&#8243; uncode_shortcode_id=&#8221;208924&#8243;][vc_custom_heading text_font=&#8221;font-762333&#8243; text_weight=&#8221;700&#8243; sub_lead=&#8221;yes&#8221; uncode_shortcode_id=&#8221;117681&#8243;]Do\u0142\u0105cz do nas[\/vc_custom_heading][vc_button button_color=&#8221;color-navy&#8221; size=&#8221;btn-lg&#8221; border_width=&#8221;0&#8243; link=&#8221;url:https%3A%2F%2Fsystem.erecruiter.pl%2FFormTemplates%2FRecruitmentForm.aspx%3FWebID%3D879cdd8cb303433580f1aa3c33f9e039|target:_blank&#8221; button_color_type=&#8221;uncode-palette&#8221; uncode_shortcode_id=&#8221;621800&#8243;]WY\u015aLIJ CV [\/vc_button][\/vc_column][\/vc_row]<\/p>\n<\/div>","protected":false},"featured_media":0,"template":"","miasta":[134],"class_list":["post-88131","praca","type-praca","status-publish","hentry","miasta-mazowieckie"],"yoast_head":"<!-- This site is optimized with the Yoast SEO plugin v27.4 - https:\/\/yoast.com\/product\/yoast-seo-wordpress\/ -->\n<title>Koordynator\/Koordynatorka Instalacji Elektrycznych (mazowieckie) - Harden Construction<\/title>\n<meta name=\"robots\" content=\"index, follow, max-snippet:-1, max-image-preview:large, max-video-preview:-1\" \/>\n<link rel=\"canonical\" href=\"https:\/\/harden-construction.com\/praca\/koordynator-koordynatorka-instalacji-elektrycznych-mazowieckie\/\" \/>\n<meta property=\"og:locale\" content=\"en_US\" \/>\n<meta property=\"og:type\" content=\"article\" \/>\n<meta property=\"og:title\" content=\"Koordynator\/Koordynatorka Instalacji Elektrycznych (mazowieckie) - Harden Construction\" \/>\n<meta property=\"og:description\" content=\"[vc_row][vc_column width=&#8221;1\/1&#8243;][vc_custom_heading auto_text=&#8221;yes&#8221; uncode_shortcode_id=&#8221;176980&#8243;]This is a custom heading element.[\/vc_custom_heading][vc_column_text uncode_shortcode_id=&#8221;828081&#8243;]ZAKRES OBOWI\u0104ZK\u00d3W Koordynacja rob\u00f3t w zakresie sieci i instalacji elektrycznych i [&hellip;]\" \/>\n<meta property=\"og:url\" content=\"https:\/\/harden-construction.com\/praca\/koordynator-koordynatorka-instalacji-elektrycznych-mazowieckie\/\" \/>\n<meta property=\"og:site_name\" content=\"Harden Construction\" \/>\n<meta property=\"article:modified_time\" content=\"2026-03-17T07:51:46+00:00\" \/>\n<meta name=\"twitter:card\" content=\"summary_large_image\" \/>\n<meta name=\"twitter:label1\" content=\"Est. reading time\" \/>\n\t<meta name=\"twitter:data1\" content=\"2 minutes\" \/>\n<script type=\"application\/ld+json\" class=\"yoast-schema-graph\">{\"@context\":\"https:\\\/\\\/schema.org\",\"@graph\":[{\"@type\":\"WebPage\",\"@id\":\"https:\\\/\\\/harden-construction.com\\\/praca\\\/koordynator-koordynatorka-instalacji-elektrycznych-mazowieckie\\\/\",\"url\":\"https:\\\/\\\/harden-construction.com\\\/praca\\\/koordynator-koordynatorka-instalacji-elektrycznych-mazowieckie\\\/\",\"name\":\"Koordynator\\\/Koordynatorka Instalacji Elektrycznych (mazowieckie) - Harden Construction\",\"isPartOf\":{\"@id\":\"https:\\\/\\\/harden-construction.com\\\/en\\\/#website\"},\"datePublished\":\"2026-03-17T07:50:03+00:00\",\"dateModified\":\"2026-03-17T07:51:46+00:00\",\"breadcrumb\":{\"@id\":\"https:\\\/\\\/harden-construction.com\\\/praca\\\/koordynator-koordynatorka-instalacji-elektrycznych-mazowieckie\\\/#breadcrumb\"},\"inLanguage\":\"en-US\",\"potentialAction\":[{\"@type\":\"ReadAction\",\"target\":[\"https:\\\/\\\/harden-construction.com\\\/praca\\\/koordynator-koordynatorka-instalacji-elektrycznych-mazowieckie\\\/\"]}]},{\"@type\":\"BreadcrumbList\",\"@id\":\"https:\\\/\\\/harden-construction.com\\\/praca\\\/koordynator-koordynatorka-instalacji-elektrycznych-mazowieckie\\\/#breadcrumb\",\"itemListElement\":[{\"@type\":\"ListItem\",\"position\":1,\"name\":\"Strona g\u0142\u00f3wna\",\"item\":\"https:\\\/\\\/harden-construction.com\\\/en\\\/\"},{\"@type\":\"ListItem\",\"position\":2,\"name\":\"Koordynator\\\/Koordynatorka Instalacji Elektrycznych (mazowieckie)\"}]},{\"@type\":\"WebSite\",\"@id\":\"https:\\\/\\\/harden-construction.com\\\/en\\\/#website\",\"url\":\"https:\\\/\\\/harden-construction.com\\\/en\\\/\",\"name\":\"Harden Construction\",\"description\":\"\",\"potentialAction\":[{\"@type\":\"SearchAction\",\"target\":{\"@type\":\"EntryPoint\",\"urlTemplate\":\"https:\\\/\\\/harden-construction.com\\\/en\\\/?s={search_term_string}\"},\"query-input\":{\"@type\":\"PropertyValueSpecification\",\"valueRequired\":true,\"valueName\":\"search_term_string\"}}],\"inLanguage\":\"en-US\"}]}<\/script>\n<!-- \/ Yoast SEO plugin. -->","yoast_head_json":{"title":"Koordynator\/Koordynatorka Instalacji Elektrycznych (mazowieckie) - Harden Construction","robots":{"index":"index","follow":"follow","max-snippet":"max-snippet:-1","max-image-preview":"max-image-preview:large","max-video-preview":"max-video-preview:-1"},"canonical":"https:\/\/harden-construction.com\/praca\/koordynator-koordynatorka-instalacji-elektrycznych-mazowieckie\/","og_locale":"en_US","og_type":"article","og_title":"Koordynator\/Koordynatorka Instalacji Elektrycznych (mazowieckie) - Harden Construction","og_description":"[vc_row][vc_column width=&#8221;1\/1&#8243;][vc_custom_heading auto_text=&#8221;yes&#8221; uncode_shortcode_id=&#8221;176980&#8243;]This is a custom heading element.[\/vc_custom_heading][vc_column_text uncode_shortcode_id=&#8221;828081&#8243;]ZAKRES OBOWI\u0104ZK\u00d3W Koordynacja rob\u00f3t w zakresie sieci i instalacji elektrycznych i [&hellip;]","og_url":"https:\/\/harden-construction.com\/praca\/koordynator-koordynatorka-instalacji-elektrycznych-mazowieckie\/","og_site_name":"Harden Construction","article_modified_time":"2026-03-17T07:51:46+00:00","twitter_card":"summary_large_image","twitter_misc":{"Est. reading time":"2 minutes"},"schema":{"@context":"https:\/\/schema.org","@graph":[{"@type":"WebPage","@id":"https:\/\/harden-construction.com\/praca\/koordynator-koordynatorka-instalacji-elektrycznych-mazowieckie\/","url":"https:\/\/harden-construction.com\/praca\/koordynator-koordynatorka-instalacji-elektrycznych-mazowieckie\/","name":"Koordynator\/Koordynatorka Instalacji Elektrycznych (mazowieckie) - Harden Construction","isPartOf":{"@id":"https:\/\/harden-construction.com\/en\/#website"},"datePublished":"2026-03-17T07:50:03+00:00","dateModified":"2026-03-17T07:51:46+00:00","breadcrumb":{"@id":"https:\/\/harden-construction.com\/praca\/koordynator-koordynatorka-instalacji-elektrycznych-mazowieckie\/#breadcrumb"},"inLanguage":"en-US","potentialAction":[{"@type":"ReadAction","target":["https:\/\/harden-construction.com\/praca\/koordynator-koordynatorka-instalacji-elektrycznych-mazowieckie\/"]}]},{"@type":"BreadcrumbList","@id":"https:\/\/harden-construction.com\/praca\/koordynator-koordynatorka-instalacji-elektrycznych-mazowieckie\/#breadcrumb","itemListElement":[{"@type":"ListItem","position":1,"name":"Strona g\u0142\u00f3wna","item":"https:\/\/harden-construction.com\/en\/"},{"@type":"ListItem","position":2,"name":"Koordynator\/Koordynatorka Instalacji Elektrycznych (mazowieckie)"}]},{"@type":"WebSite","@id":"https:\/\/harden-construction.com\/en\/#website","url":"https:\/\/harden-construction.com\/en\/","name":"Harden Construction","description":"","potentialAction":[{"@type":"SearchAction","target":{"@type":"EntryPoint","urlTemplate":"https:\/\/harden-construction.com\/en\/?s={search_term_string}"},"query-input":{"@type":"PropertyValueSpecification","valueRequired":true,"valueName":"search_term_string"}}],"inLanguage":"en-US"}]}},"_links":{"self":[{"href":"https:\/\/harden-construction.com\/en\/wp-json\/wp\/v2\/praca\/88131","targetHints":{"allow":["GET"]}}],"collection":[{"href":"https:\/\/harden-construction.com\/en\/wp-json\/wp\/v2\/praca"}],"about":[{"href":"https:\/\/harden-construction.com\/en\/wp-json\/wp\/v2\/types\/praca"}],"wp:attachment":[{"href":"https:\/\/harden-construction.com\/en\/wp-json\/wp\/v2\/media?parent=88131"}],"wp:term":[{"taxonomy":"miasta","embeddable":true,"href":"https:\/\/harden-construction.com\/en\/wp-json\/wp\/v2\/miasta?post=88131"}],"curies":[{"name":"wp","href":"https:\/\/api.w.org\/{rel}","templated":true}]}}

<div class="wpb-content-wrapper"><p>[vc_row][vc_column width=&#8221;1/1&#8243;][vc_custom_heading auto_text=&#8221;yes&#8221; uncode_shortcode_id=&#8221;176980&#8243;]This is a custom heading element.[/vc_custom_heading][vc_column_text uncode_shortcode_id=&#8221;828081&#8243;]<strong>ZAKRES OBOWIĄZKÓW</strong></p>
<ul class="offer-view_cmjq3hn" data-test="aggregate-bullet-model">
<li class="offer-view_tkzmjn3">Koordynacja robót w zakresie sieci i instalacji elektrycznych i niskoprądowych dla zespołu projektów,</li>
<li class="offer-view_tkzmjn3">Nadzór nad realizacją robót instalacyjnych w oparciu o wymagania kontraktu dokumentację techniczną, harmonogramy oraz normy,</li>
<li class="offer-view_tkzmjn3">Optymalizacja kosztów i zasobów w tym również analiza projektów przetargowych budowlanych, wykonawczych,</li>
<li class="offer-view_tkzmjn3">Przygotowywanie ofert dla zamawiającego oraz analiza cenowa i negocjacje z podwykonawcami i dostawcami,</li>
<li class="offer-view_tkzmjn3">Prowadzenie negocjacji i ustalanie warunków umów z Podwykonawcami,</li>
<li class="offer-view_tkzmjn3">Monitorowanie rynku dostawców produktów i usług,</li>
<li class="offer-view_tkzmjn3">Raportowanie postępów z realizacji inwestycji,</li>
<li class="offer-view_tkzmjn3">Odpowiedzialność za terminowe zakończenie i rozliczenie kontraktu z zamawiającym podwykonawcami i dostawcami,</li>
<li class="offer-view_tkzmjn3">Odbiory robót z Inspektorami Nadzoru Inwestorskiego.</li>
<li>Otwartość do pracy w rejonie (mazowieckim).</li>
</ul>
<p><strong>OD KANDYDATÓW OCZEKUJEMY</strong></p>
<ul class="offer-view_cmjq3hn" data-test="aggregate-bullet-model">
<li class="offer-view_tkzmjn3">Doświadczenie zawodowe zdobyte w budownictwie; w tym minimum 3-letnie na stanowisku Kierownik Robót – preferowane obiekty przemysłowe,</li>
<li class="offer-view_tkzmjn3">Wykształcenie wyższe technicznez zakresu branży elektrycznej,</li>
<li class="offer-view_tkzmjn3">Posiadanie zgodnych z wymogami prawnymi uprawnienień do kierowania robotami branży elektrycznej bez ograniczeń,</li>
<li class="offer-view_tkzmjn3">Znajomość zagadnień instalacji elektrycznych wykonawczych i projektowych,</li>
<li class="offer-view_tkzmjn3">Wysoko rozwinięte umiejętności zarządzania procesem budowlanym, koordynowanie, delegowanie zadań oraz ich egzekwowanie,</li>
<li class="offer-view_tkzmjn3">Umiejętność pracy w zespole,</li>
<li class="offer-view_tkzmjn3">Prawo jazdy kat. B,</li>
<li class="offer-view_tkzmjn3">Dobra znajomość pakietu MS Office oraz programu AutoCad</li>
</ul>
<p><strong>OFERUJEMY</strong></p>
<ul>
<li>Atrakcyjne wynagrodzenie oraz pakiet świadczeń socjalnych,</li>
<li>Stabilne zatrudnienie na umowę o pracę lub poprzez umowę kontraktową (b2b),</li>
<li>Możliwość poszerzania doświadczenia we współpracy z zespołem specjalistów i ekspertów, zapewniającego gwarancję zawodowego i osobistego rozwoju,</li>
<li>Możliwość budowania pozycji zawodowej w firmie o dużym potencjale,</li>
<li>Szkolenia w zakresie kompetencji technicznych i rozwoju osobistego,</li>
<li>Szkolenia językowe,</li>
<li>Komputer, telefon.</li>
</ul>
<p>[/vc_column_text][/vc_column][/vc_row][vc_row row_height_percent=&#8221;0&#8243; override_padding=&#8221;yes&#8221; h_padding=&#8221;2&#8243; top_padding=&#8221;2&#8243; bottom_padding=&#8221;1&#8243; back_color=&#8221;accent&#8221; overlay_alpha=&#8221;50&#8243; gutter_size=&#8221;3&#8243; column_width_percent=&#8221;100&#8243; shift_y=&#8221;0&#8243; z_index=&#8221;0&#8243; uncode_shortcode_id=&#8221;154771&#8243; back_color_type=&#8221;uncode-palette&#8221;][vc_column column_width_percent=&#8221;100&#8243; position_horizontal=&#8221;left&#8221; position_vertical=&#8221;middle&#8221; gutter_size=&#8221;3&#8243; overlay_alpha=&#8221;50&#8243; shift_x=&#8221;0&#8243; shift_y=&#8221;0&#8243; shift_y_down=&#8221;0&#8243; z_index=&#8221;0&#8243; medium_width=&#8221;0&#8243; mobile_width=&#8221;0&#8243; width=&#8221;1/1&#8243; uncode_shortcode_id=&#8221;208924&#8243;][vc_custom_heading text_font=&#8221;font-762333&#8243; text_weight=&#8221;700&#8243; sub_lead=&#8221;yes&#8221; uncode_shortcode_id=&#8221;117681&#8243;]Dołącz do nas[/vc_custom_heading][vc_button button_color=&#8221;color-navy&#8221; size=&#8221;btn-lg&#8221; border_width=&#8221;0&#8243; link=&#8221;url:https%3A%2F%2Fsystem.erecruiter.pl%2FFormTemplates%2FRecruitmentForm.aspx%3FWebID%3D879cdd8cb303433580f1aa3c33f9e039|target:_blank&#8221; button_color_type=&#8221;uncode-palette&#8221; uncode_shortcode_id=&#8221;621800&#8243;]WYŚLIJ CV [/vc_button][/vc_column][/vc_row]</p>
</div>

<!-- This site is optimized with the Yoast SEO plugin v27.4 - https://yoast.com/product/yoast-seo-wordpress/ -->
<title>Koordynator/Koordynatorka Instalacji Elektrycznych (mazowieckie) - Harden Construction</title>
<meta name="robots" content="index, follow, max-snippet:-1, max-image-preview:large, max-video-preview:-1" />
<link rel="canonical" href="https://harden-construction.com/praca/koordynator-koordynatorka-instalacji-elektrycznych-mazowieckie/" />
<meta property="og:locale" content="en_US" />
<meta property="og:type" content="article" />
<meta property="og:title" content="Koordynator/Koordynatorka Instalacji Elektrycznych (mazowieckie) - Harden Construction" />
<meta property="og:description" content="[vc_row][vc_column width=&#8221;1/1&#8243;][vc_custom_heading auto_text=&#8221;yes&#8221; uncode_shortcode_id=&#8221;176980&#8243;]This is a custom heading element.[/vc_custom_heading][vc_column_text uncode_shortcode_id=&#8221;828081&#8243;]ZAKRES OBOWIĄZKÓW Koordynacja robót w zakresie sieci i instalacji elektrycznych i [&hellip;]" />
<meta property="og:url" content="https://harden-construction.com/praca/koordynator-koordynatorka-instalacji-elektrycznych-mazowieckie/" />
<meta property="og:site_name" content="Harden Construction" />
<meta property="article:modified_time" content="2026-03-17T07:51:46+00:00" />
<meta name="twitter:card" content="summary_large_image" />
<meta name="twitter:label1" content="Est. reading time" />
	<meta name="twitter:data1" content="2 minutes" />
<script type="application/ld+json" class="yoast-schema-graph">{"@context":"https:\/\/schema.org","@graph":[{"@type":"WebPage","@id":"https:\/\/harden-construction.com\/praca\/koordynator-koordynatorka-instalacji-elektrycznych-mazowieckie\/","url":"https:\/\/harden-construction.com\/praca\/koordynator-koordynatorka-instalacji-elektrycznych-mazowieckie\/","name":"Koordynator\/Koordynatorka Instalacji Elektrycznych (mazowieckie) - Harden Construction","isPartOf":{"@id":"https:\/\/harden-construction.com\/en\/#website"},"datePublished":"2026-03-17T07:50:03+00:00","dateModified":"2026-03-17T07:51:46+00:00","breadcrumb":{"@id":"https:\/\/harden-construction.com\/praca\/koordynator-koordynatorka-instalacji-elektrycznych-mazowieckie\/#breadcrumb"},"inLanguage":"en-US","potentialAction":[{"@type":"ReadAction","target":["https:\/\/harden-construction.com\/praca\/koordynator-koordynatorka-instalacji-elektrycznych-mazowieckie\/"]}]},{"@type":"BreadcrumbList","@id":"https:\/\/harden-construction.com\/praca\/koordynator-koordynatorka-instalacji-elektrycznych-mazowieckie\/#breadcrumb","itemListElement":[{"@type":"ListItem","position":1,"name":"Strona główna","item":"https:\/\/harden-construction.com\/en\/"},{"@type":"ListItem","position":2,"name":"Koordynator\/Koordynatorka Instalacji Elektrycznych (mazowieckie)"}]},{"@type":"WebSite","@id":"https:\/\/harden-construction.com\/en\/#website","url":"https:\/\/harden-construction.com\/en\/","name":"Harden Construction","description":"","potentialAction":[{"@type":"SearchAction","target":{"@type":"EntryPoint","urlTemplate":"https:\/\/harden-construction.com\/en\/?s={search_term_string}"},"query-input":{"@type":"PropertyValueSpecification","valueRequired":true,"valueName":"search_term_string"}}],"inLanguage":"en-US"}]}</script>
<!-- / Yoast SEO plugin. -->

[vc_row][vc_column width=&#8221;1/1&#8243;][vc_custom_heading auto_text=&#8221;yes&#8221; uncode_shortcode_id=&#8221;176980&#8243;]This is a custom heading element.[/vc_custom_heading][vc_column_text uncode_shortcode_id=&#8221;828081&#8243;]ZAKRES OBOWIĄZKÓW Koordynacja robót w zakresie sieci i instalacji elektrycznych i [&hellip;]

Strona główna
